{"id":118,"date":"2024-11-25T01:18:18","date_gmt":"2024-11-25T01:18:18","guid":{"rendered":"https:\/\/www.aluminismestre.com\/?page_id=118"},"modified":"2024-11-25T01:18:18","modified_gmt":"2024-11-25T01:18:18","slug":"politica-de-calidad","status":"publish","type":"page","link":"https:\/\/www.aluminismestre.com\/index.php\/politica-de-calidad\/","title":{"rendered":"Pol\u00edtica de Calidad"},"content":{"rendered":"\n[et_pb_section fb_built=\u00bb1&#8243; admin_label=\u00bbsection\u00bb _builder_version=\u00bb4.16&#8243; background_image=\u00bbhttp:\/\/www.aluminismestre.com\/wp-content\/uploads\/2024\/11\/CALIDAD-3-1.jpg\u00bb parallax=\u00bbon\u00bb parallax_method=\u00bboff\u00bb global_colors_info=\u00bb{}\u00bb theme_builder_area=\u00bbpost_content\u00bb][et_pb_row admin_label=\u00bbrow\u00bb _builder_version=\u00bb4.16&#8243; background_size=\u00bbinitial\u00bb background_position=\u00bbtop_left\u00bb background_repeat=\u00bbrepeat\u00bb global_colors_info=\u00bb{}\u00bb theme_builder_area=\u00bbpost_content\u00bb][et_pb_column type=\u00bb4_4&#8243; _builder_version=\u00bb4.16&#8243; custom_padding=\u00bb|||\u00bb global_colors_info=\u00bb{}\u00bb custom_padding__hover=\u00bb|||\u00bb theme_builder_area=\u00bbpost_content\u00bb][et_pb_divider show_divider=\u00bboff\u00bb disabled_on=\u00bbon|on|\u00bb _builder_version=\u00bb4.16&#8243; height=\u00bb100px\u00bb global_colors_info=\u00bb{}\u00bb theme_builder_area=\u00bbpost_content\u00bb][\/et_pb_divider][et_pb_text _builder_version=\u00bb4.16&#8243; text_font_size=\u00bb50&#8243; background_size=\u00bbinitial\u00bb background_position=\u00bbtop_left\u00bb background_repeat=\u00bbrepeat\u00bb text_orientation=\u00bbcenter\u00bb background_layout=\u00bbdark\u00bb module_alignment=\u00bbcenter\u00bb custom_padding=\u00bb100px||100px|\u00bb border_style=\u00bbsolid\u00bb global_colors_info=\u00bb{}\u00bb theme_builder_area=\u00bbpost_content\u00bb]<h1 style=\"text-align: center;\"><strong>Pol\u00edtica de Calidad<\/strong><\/h1>[\/et_pb_text][et_pb_divider show_divider=\u00bboff\u00bb disabled_on=\u00bbon|on|\u00bb _builder_version=\u00bb4.16&#8243; height=\u00bb100px\u00bb global_colors_info=\u00bb{}\u00bb theme_builder_area=\u00bbpost_content\u00bb][\/et_pb_divider][\/et_pb_column][\/et_pb_row][\/et_pb_section][et_pb_section fb_built=\u00bb1&#8243; _builder_version=\u00bb4.16&#8243; global_colors_info=\u00bb{}\u00bb theme_builder_area=\u00bbpost_content\u00bb][et_pb_row _builder_version=\u00bb4.16&#8243; background_size=\u00bbinitial\u00bb background_position=\u00bbtop_left\u00bb background_repeat=\u00bbrepeat\u00bb custom_padding=\u00bb|||0px||\u00bb global_colors_info=\u00bb{}\u00bb theme_builder_area=\u00bbpost_content\u00bb][et_pb_column type=\u00bb4_4&#8243; _builder_version=\u00bb4.16&#8243; custom_padding=\u00bb|||\u00bb global_colors_info=\u00bb{}\u00bb custom_padding__hover=\u00bb|||\u00bb theme_builder_area=\u00bbpost_content\u00bb][et_pb_text _builder_version=\u00bb4.16&#8243; text_font_size=\u00bb20&#8243; background_size=\u00bbinitial\u00bb background_position=\u00bbtop_left\u00bb background_repeat=\u00bbrepeat\u00bb text_orientation=\u00bbcenter\u00bb module_alignment=\u00bbcenter\u00bb border_style=\u00bbsolid\u00bb global_colors_info=\u00bb{}\u00bb theme_builder_area=\u00bbpost_content\u00bb]<h2 style=\"text-align: center;\"><strong>POLITICA DE CALIDAD, MEDIO AMBIENTE Y PRL DE MESTRE CARPINTERIA MET\u00c1LICA S.L.<\/strong><\/h2>\n<p>EFECTIVIDAD: <strong>24-11-24<\/strong>\u00a0 \u00a0 \u00a0 \u00a0 \u00a0 \u00a0 \u00a0 \u00a0 \u00a0 \u00a0 \u00a0 \u00a0 \u00a0 \u00a0 \u00a0 \u00a0 \u00a0 \u00a0 \u00a0 \u00a0 \u00a0 \u00a0 \u00a0 \u00a0 \u00a0 \u00a0 \u00a0 APROBADO:\u00a0 \u00a0 \u00a0Vicent Bisquert<\/p>\n<p>CANCELA: \u00a0\u00a0\u00a0\u00a0\u00a0\u00a0 <strong>170927<\/strong>\u00a0\u00a0\u00a0\u00a0\u00a0\u00a0\u00a0\u00a0\u00a0\u00a0\u00a0\u00a0\u00a0\u00a0\u00a0\u00a0\u00a0\u00a0\u00a0\u00a0\u00a0\u00a0\u00a0\u00a0\u00a0\u00a0\u00a0\u00a0\u00a0\u00a0\u00a0\u00a0\u00a0\u00a0\u00a0\u00a0\u00a0\u00a0\u00a0\u00a0\u00a0\u00a0\u00a0\u00a0\u00a0\u00a0\u00a0\u00a0\u00a0\u00a0\u00a0\u00a0\u00a0\u00a0 <strong>DIRECCI\u00d3N GENERAL<\/strong><\/p>\n<p>El compromiso de Mestre Carpinter\u00eda met\u00e1lica S.l., es suministrar productos y servicios que satisfagan en cada momento las necesidades y expectativas de nuestros clientes de cualquier tipo de servicio en carpinteria metalica, de los cuales esperamos su reconocimiento como referencia en Calidad Y Medioambiente, respetando los compromisos legales y reglamentarios y mejorando de forma continua la eficacia del Sistema Integrado de Gesti\u00f3n de la Calidad y Medioambiente.<\/p>\n<p>Las siguientes directrices ser\u00e1n el marco de referencia para desarrollar nuestro sistema de Calidad:<\/p>\n<ul>\n<li>En Mestre Carpinter\u00eda met\u00e1lica S.l., la satisfacci\u00f3n del cliente ser\u00e1 nuestro foco de atenci\u00f3n prioritaria, estudiaremos y comprenderemos sus requisitos y necesidades actuales o futuras, ayud\u00e1ndoles a implantar soluciones satisfactorias.<\/li>\n<li>Se establecer\u00e1 una comunicaci\u00f3n clara y abierta con los clientes y otras partes interesadas, con ayuda de las tecnolog\u00edas inform\u00e1ticas online o telem\u00e1ticas para conocer su valoraci\u00f3n sobre la Calidad de los productos y servicios objeto de nuestros servicios, estableci\u00e9ndose objetivos y metas para poder alcanzarla.<\/li>\n<li>Se proporcionar\u00e1 a los empleados la formaci\u00f3n y los recursos necesarios para lograr su eficacia en la prestaci\u00f3n de nuestros servicios y productos, y se delegar\u00e1 en ellos para que puedan desempe\u00f1ar su actividad con autoridad y responsabilidad.<\/li>\n<li>La involucraci\u00f3n de todos en la consecuci\u00f3n de los objetivos de la Organizaci\u00f3n ser\u00e1 clave para conseguir el cumplimiento de los requisitos y la satisfacci\u00f3n de nuestros clientes y partes interesadas.<\/li>\n<li>La calidad es responsabilidad de todos, en todas las \u00e1reas y a todos los niveles, se potencia el uso de acciones preventivas y de mejora, adem\u00e1s de controlar y, en su caso, corregir las no conformidades detectadas.<\/li>\n<li>Mestre Carpinter\u00eda met\u00e1lica S.l., aplicar\u00e1 indicadores que midan la eficacia de los procesos principales y se establecer\u00e1n valores de referencia en su planificaci\u00f3n.<\/li>\n<li>La mejora continua de la Organizaci\u00f3n ser\u00e1 un objetivo permanente y todas las \u00e1reas implantar\u00e1n procesos de mejora que posibiliten nuestro avance y liderazgo.<\/li>\n<li>Mestre Carpinter\u00eda met\u00e1lica S.l. , mantendr\u00e1 un sistema de gesti\u00f3n de la calidad documentado e implantado de acuerdo con las directrices de la Direcci\u00f3n y las normas vigentes.<\/li>\n<li>Mestre Carpinter\u00eda met\u00e1lica S.l. asegurar\u00e1 que los productos y servicios suministrados por nuestros proveedores satisfacen los requisitos, estableci\u00e9ndose relaciones que faciliten el logro de objetivos mutuos a trav\u00e9s de su evaluaci\u00f3n continua.<\/li>\n<\/ul>[\/et_pb_text][\/et_pb_column][\/et_pb_row][\/et_pb_section]\n","protected":false},"excerpt":{"rendered":"<p>Pol\u00edtica de CalidadPOLITICA DE CALIDAD, MEDIO AMBIENTE Y PRL DE MESTRE CARPINTERIA MET\u00c1LICA S.L. EFECTIVIDAD: 24-11-24\u00a0 \u00a0 \u00a0 \u00a0 \u00a0 \u00a0 \u00a0 \u00a0 \u00a0 \u00a0 \u00a0 \u00a0 \u00a0 \u00a0 \u00a0 \u00a0 \u00a0 \u00a0 \u00a0 \u00a0 \u00a0 \u00a0 \u00a0 \u00a0 \u00a0 \u00a0 \u00a0 APROBADO:\u00a0 \u00a0 \u00a0Vicent Bisquert CANCELA: \u00a0\u00a0\u00a0\u00a0\u00a0\u00a0 170927\u00a0\u00a0\u00a0\u00a0\u00a0\u00a0\u00a0\u00a0\u00a0\u00a0\u00a0\u00a0\u00a0\u00a0\u00a0\u00a0\u00a0\u00a0\u00a0\u00a0\u00a0\u00a0\u00a0\u00a0\u00a0\u00a0\u00a0\u00a0\u00a0\u00a0\u00a0\u00a0\u00a0\u00a0\u00a0\u00a0\u00a0\u00a0\u00a0\u00a0\u00a0\u00a0\u00a0\u00a0\u00a0\u00a0\u00a0\u00a0\u00a0\u00a0\u00a0\u00a0\u00a0\u00a0 DIRECCI\u00d3N GENERAL El compromiso de Mestre [&hellip;]<\/p>\n","protected":false},"author":1,"featured_media":0,"parent":0,"menu_order":0,"comment_status":"closed","ping_status":"closed","template":"","meta":{"_et_pb_use_builder":"on","_et_pb_old_content":"","_et_gb_content_width":"","footnotes":""},"class_list":["post-118","page","type-page","status-publish","hentry"],"_links":{"self":[{"href":"https:\/\/www.aluminismestre.com\/index.php\/wp-json\/wp\/v2\/pages\/118","targetHints":{"allow":["GET"]}}],"collection":[{"href":"https:\/\/www.aluminismestre.com\/index.php\/wp-json\/wp\/v2\/pages"}],"about":[{"href":"https:\/\/www.aluminismestre.com\/index.php\/wp-json\/wp\/v2\/types\/page"}],"author":[{"embeddable":true,"href":"https:\/\/www.aluminismestre.com\/index.php\/wp-json\/wp\/v2\/users\/1"}],"replies":[{"embeddable":true,"href":"https:\/\/www.aluminismestre.com\/index.php\/wp-json\/wp\/v2\/comments?post=118"}],"version-history":[{"count":3,"href":"https:\/\/www.aluminismestre.com\/index.php\/wp-json\/wp\/v2\/pages\/118\/revisions"}],"predecessor-version":[{"id":132,"href":"https:\/\/www.aluminismestre.com\/index.php\/wp-json\/wp\/v2\/pages\/118\/revisions\/132"}],"wp:attachment":[{"href":"https:\/\/www.aluminismestre.com\/index.php\/wp-json\/wp\/v2\/media?parent=118"}],"curies":[{"name":"wp","href":"https:\/\/api.w.org\/{rel}","templated":true}]}}